f z and 98.
49
Let o(k) = k**2 + k + 770. Let c be o(0). Suppose -2*u = -7*u + c. Let r = -52 - -66. Calculate the greatest common divisor of r and u.
14
Let q(m) = m**3 - 3*m**2 - 13*m - 7. Let s be q(6). Suppose 3*r + c = 89, -4*r - c + 94 = -s. Let z = 79 - 37. Calculate the greatest common divisor of z and r.
14
Let k(g) = -g**2 - 33*g - 54. Let q be k(-6). What is the greatest common divisor of 288 and q?
36
Let t(x) = 55*x**2 - 14*x - 27. Let o be t(-2). What is the highest common divisor of 68 and o?
17
Let o be 108 + (-5 - -3) - (-2)/(-1). Let l = o - 2. Calculate the highest common factor of 17 and l.
17
Let n(k) = -k**3 + 3*k**2 + 6*k - 5. Let a be n(4). Suppose a*c - 8 = 2*c. What is the highest common divisor of c and 32?
8
Suppose -3*j + 63 = o, -291 = -5*o + 20*j - 23*j. Calculate the highest common divisor of 513 and o.
57
Suppose 0 = -2*w - 4, -2*d = 5*w - 256 - 154. Let b be 1*(9 - 1) - 3. Suppose b*z - 29 = -k, -4*z - d = -4*k - 22. What is the highest common factor of 4 and k?
4
Suppose -5*j + 19 = -51. What is the greatest common divisor of 10 and j?
2
Suppose -168 = -3*y - 3. Suppose 4*s + 5*s - 18 = 0. Suppose -y = s*d - 7*d. Calculate the greatest common factor of d and 11.
11
Let h be -3*-2*48/(-2). Let p be (h/14)/4*-7. Let m(k) = k**2 + k. Let b be m(-2). Calculate the greatest common divisor of p and b.
2
Suppose 13*b + 3*x + 78 = 15*b, 0 = b + 5*x - 52. Calculate the greatest common divisor of b and 378.
42
Suppose -44*f = -32*f - 1944. What is the highest common factor of 216 and f?
54
Suppose -5*t = f - 552, 10*f + 4*t = 6*f + 2144. Calculate the greatest common divisor of 76 and f.
76
Let g(b) = b**3 + 3*b**2 - 2*b + 5. Let p be g(-4). Let v be p/(-9) - 724/(-6). Let d = 211 - 200. What is the greatest common factor of v and d?
11
Suppose -282 = -3*i + 4*h - 7*h, 282 = 3*i - h. What is the highest common divisor of 658 and i?
94
Let t(f) = -99*f**3 - f**2 - 24*f - 52. Let c be t(-3). What is the highest common divisor of c and 44?
44
Let u(p) = -2*p**3 + 19*p**2 + 10*p + 14. Let m be (1 + 21/(-6))/(2/(-8)). Let v be u(m). Calculate the greatest common factor of v and 42.
14
Let j be (-394)/14 - (-4)/28. Let l be j/49 - (-592)/7. What is the highest common divisor of 112 and l?
28
Let o(r) = 26*r - 14. Let h be o(9). Calculate the highest common divisor of 4 and h.
4
Let p be ((-65)/20 - -3)*-4. What is the greatest common factor of p and 151?
1
Let t(g) = g**2 - 5*g - 10. Let c be t(5). Let m = 14 + c. Suppose -13*k = -15*k + m. Calculate the highest common divisor of k and 16.
2
Suppose 2*n = -0*n + 2*q - 214, -4*q - 420 = 4*n. Let k = n - -122. What is the highest common divisor of k and 4?
4
Let p be 2 - (-2 + -1 - -1). Suppose u - 56 = -3*k, 0 = 5*u + p*k + 61 - 286. What is the greatest common divisor of 123 and u?
41
Let q(u) = -u**3 + 6*u**2 + 2*u - 3. Let g be q(5). Suppose -33*f - 192 = -37*f + 4*p, 0 = -4*f + 5*p + 192. Calculate the greatest common factor of f and g.
16
Let v = 37 - 30. Let s(h) = h**3 - 6*h**2 - 8*h + 11. Let c be s(v). Let t = 18 + c. Calculate the greatest common divisor of 2 and t.
2
Let t = -1 + 4. Suppose -q - 1756 = -5*d, -2*q + 1134 = t*d + 70. What is the highest common divisor of d and 32?
32
Suppose 17*o = 14*o + 30. Suppose 132 = -9*m + o*m. Calculate the highest common factor of m and 33.
33
Suppose 1 = -v - 0*v. Let k(b) = 31*b**2 - 3*b - 2. Let u be k(v). What is the greatest common factor of u and 4?
4
Suppose -v = 4*r - 8, r + 5*v = -0*v + 21. Let p be (10 + r)*(-7 - -48). What is the greatest common factor of 41 and p?
41
Suppose 19 = 5*q + 89. Let c = q + 24. Let y be 2 - (21774/(-247) - 4/(-26)). What is the highest common factor of y and c?
10
Let i be (-7)/2*(-12)/6. Let m(x) = x**2 + 7*x + 6. Let c be m(-6). Let g be c - (-29 - (0 - 1)). What is the highest common divisor of i and g?
7
Let b = 306 + -234. What is the greatest common factor of b and 8?
8
Suppose 70 = -9621*s + 9635*s. What is the highest common divisor of s and 235?
5
Let w(k) = 89*k - 174. Let z be w(2). Suppose -2*n = 3*n - 50. What is the highest common factor of z and n?
2
Suppose b - 70 = -2*x, 3*x = -2 - 10. Let u(n) = n**2 + 6*n - 1. Let f be u(-9). What is the greatest common factor of b and f?
26
Suppose -9*f + 2601 - 729 = 0. Calculate the greatest common divisor of f and 13.
13
Suppose -68 = -4*z + 88. Let p(w) = 6*w + 5. Let q be p(5). Suppose -q - 30 = -5*c. What is the highest common divisor of c and z?
13
Suppose 3*v - 4*j = 105, 4*v - 4*j + 50 = 6*v. What is the greatest common factor of v and 2?
1
Let y = -79 - -105. Calculate the highest common divisor of y and 13.
13
Let c be 229 + (2 - 2) + 0. Suppose 3*z - c + 49 = 0. What is the highest common divisor of z and 24?
12
Let k(n) = 2*n**2 - 5*n - 39. Let q be k(10). Let p = 231 - q. What is the highest common divisor of 15 and p?
15
Suppose 47*v = 11*v + 6912. Calculate the greatest common divisor of v and 80.
16
Let k be (-5)/(-3) + 4/12. Suppose 4*c - k*c = -2. Let g = c - -5. Calculate the greatest common factor of 10 and g.
2
Suppose -5*n - v - 98 = 3*v, 3*v + 101 = -5*n. Let y = n - -30. Calculate the highest common divisor of y and 4.
4
Suppose 0 = 5*v - u, 5*u = -v - 0*u - 26. Let y be (2*-1)/(v/2). Let w = 113 + y. What is the highest common factor of 13 and w?
13
Let o be (12/18)/(2/885). Suppose 5*h - o = j + 122, 0 = 4*j - 12. Calculate the greatest common divisor of h and 21.
21
Suppose -2*t + 65 - 23 = 0. Suppose h - 2*i - t + 0 = 0, 0 = -3*h - 2*i + 23. Calculate the highest common divisor of h and 22.
11
Let r be ((-40)/(-6))/(3/(-9)). Let g = -14 - r. Let o be 12/6 + g + 2. What is the greatest common divisor of o and 1?
1
Suppose 0 = -4*w + 3*q + 11, -5 - 13 = -3*w - q. Suppose w*d - 101 = -0*d + 4*s, 16 = d - 5*s. What is the greatest common divisor of 3 and d?
3
Suppose 59 = -4*i + 5*h, -i + 6*h - 11 = h. Let y be (-683)/(-4) - i/64. Calculate the highest common factor of y and 9.
9
Let w(x) = x**3 + 4*x + 5. Let a be w(5). Suppose -80*g + 78*g = -10. Let s be 1/(g*3/a). Calculate the greatest common divisor of 15 and s.
5
Let b(u) = u**3 - 20*u**2 + 2*u - 34. Let s be b(20). Calculate the greatest common factor of s and 27.
3
Let c be (-4 + 34/4)*(-32)/(-3). What is the greatest common divisor of c and 6?
6
Suppose 3*f = -139 + 361. Let i be 4/(-10) + (-1047)/(-5). Suppose 0 = l + f - i. What is the greatest common divisor of 54 and l?
27
Let c = -3 - -20. Let g be c*(-4)/16*156/(-3). What is the greatest common divisor of g and 13?
13
Suppose 16 = g - 0*g. Let j = 28 - 24. Suppose -i - 12 = 3*i, -j*i = 2*f - 36. What is the highest common factor of f and g?
8
Suppose -40 = g - 41, -g = 5*c - 26. What is the highest common divisor of 20 and c?
5
Let y be (-9)/(-2) + 3/6. Suppose y*t = 3*v - 109, -4*v = 4*t - 61 - 31. Calculate the highest common divisor of 7 and v.
7
Suppose -g - 22 = -3*g. Let u be 3/(1 + -4)*-9. Let t = 10 - u. What is the greatest common divisor of g and t?
1
Let b(v) = 6*v**2 - 1. Let c be b(-1). Let l be 2*(3 - c)*-11. Calculate the highest common divisor of l and 4.
4
Let s(h) = 99*h**2 + h + 1. Suppose -1 + 0 = 5*z - w, -5*z + 4*w + 11 = 0. Let q be s(z). What is the greatest common divisor of 66 and q?
33
Let m = 43 - 19. Suppose -2*l - 20 = -88. Let a = l + 26. Calculate the highest common factor of a and m.
12
Let o = 38 + 20. Suppose -o + 18 = -4*h. Suppose 3 = 3*c - 12. Calculate the highest common factor of h and c.
5
Suppose l = 2*l - k - 1, -3*l - 2*k = -13. Suppose -2*q = -5*q - l. Let v be 0 - -4 - (4 + q). Calculate the highest common factor of v and 3.
1
Suppose -2*r - y = -706, r - 318 = y + 41. What is the highest common divisor of 142 and r?
71
Let x(j) = -4*j**3 + j**2 + 5*j + 3. Let t be x(-3). Let w be (-2)/(-7) - 584/(-14). What is the greatest common factor of t and w?
21
Let a = 12 + -8. Let b be (0 + a/(-5))/(6/(-1155)). Calculate the greatest common divisor of b and 11.
11
Let q(y) = 2*y**2 + 2*y - 2. Let i be q(1). Suppose i*x = x + 32. Let c = 7 + 9. Calculate the greatest common divisor of c and x.
16
Let j = 1547 - 1477. Let o be ((-2)/(-1))/(4/14). Calculate the highest common divisor of o and j.
7
Let y = -352 - -448. What is the highest common divisor 